 by t.
10
Suppose -5 = -n, -b - 2*n + 73 = 27. Suppose -3*x + 6*x - 39 = 0. What is the remainder when b is divided by x?
10
Let r(p) = -p**3 + p**2 + 2. Let j be r(0). Suppose -5*v - 30 = 2*h, -8 - 3 = j*v + h. What is the remainder when v/6*(-12)/1 is divided by 6?
4
Let g be 3 - -14*(-1)/2. Calculate the remainder when 15 is divided by g*(1 + -1 - 1).
3
What is the remainder when -3*((-116)/6 - 3) is divided by 17?
16
Suppose -3*a = -2*w - 19, -a - 4*w - 6 = -3. Suppose -2*f - 18 = -t + f, 0 = 4*t - a*f - 93. What is the remainder when t is divided by 14?
13
Suppose 4*s - 16 = 0, 2*z + 0*s - 4*s - 34 = 0. Let c = -426 - -216. Calculate the remainder when z is divided by (c/45)/((-1)/3).
11
Suppose -2*w + 8 = 2*w. Suppose 21 = w*y - 17. What is the remainder when (-803)/(-22) + (-1)/2 is divided by y?
17
Let f(c) = -c. What is the remainder when 4 is divided by f(-3)?
1
Let p = 61 - 33. Suppose 64 = 3*b - 5*s, 3*b - 21 = 2*s + p. What is the remainder when 49 is divided by b?
10
Suppose -5*l + 2*l + o + 133 = 0, 2*l = -o + 92. Suppose l = y + 4*y. Let j(g) = 27*g**3 + g - 2. What is the remainder when j(1) is divided by y?
8
Let a(q) = 2*q + 12. Let s be a(-10). Let d = 12 + s. Calculate the remainder when 15 is divided by d.
3
Let j = 4 + -3. Let n = 19 + -18. Calculate the remainder when j is divided by n.
0
Let c(i) = -i**2 + 14*i - 16. Calculate the remainder when 81 is divided by c(11).
13
Let q be 20/3*45/(-10). Calculate the remainder when 10/(q/(-14) - 2) is divided by 24.
22
What is the remainder when 11 is divided by ((-1)/(-4))/(9/252)?
4
Suppose -8*o = -3*o - 10. Suppose -o*c = c - 15. Calculate the remainder when c is divided by (-6)/(-4)*(3 + -1).
2
Let g = 1 + 4. Suppose g*p - 24 = 121. Calculate the remainder when p is divided by (-2)/(16/6)*-20.
14
Suppose -w - w = 0. What is the remainder when w + (3 - (-35 + 3)) is divided by 12?
11
Let s(w) = 5*w - 1. Let f be s(-1). Let o(u) = -3*u - 9. Calculate the remainder when 26 is divided by o(f).
8
Calculate the remainder when (7 - 7) + 36 + 1 is divided by 10.
7
Let u = 55 + 2. Let x(k) = -3*k. Let j be x(4). Let h = j + 27. What is the remainder when u is divided by h?
12
Let f(a) = 2*a - 5. Let n be f(4). Suppose -n*l + 256 = -113. What is the remainder when l is divided by 31?
30
Let t(z) = 6*z**2 + z + 6. Calculate the remainder when 54 is divided by t(-2).
26
Suppose 5 = -3*h - l + 95, h = l + 30. What is the remainder when h is divided by ((-54)/7 - 6/21)*-2?
14
Let i = 9 + -4. What is the remainder when 17 is divided by i?
2
Let u be ((-84)/(-10))/(7/70). Calculate the remainder when 0 + (3 - 0) + u is divided by 22.
21
Suppose 0 = -4*t - 16, -4*o + 160 = 3*t - 7*t. Suppose 4*q = 3*q + o. Calculate the remainder when q is divided by 13.
10
Let p(u) = -2*u + 6. Let k be p(4). Calculate the remainder when ((-2)/2)/(k/60) is divided by 8.
6
Calculate the remainder when 41 is divided by ((-3)/(-12))/((1/(-28))/(-1)).
6
Let q = -10 - -28. Calculate the remainder when 31 is divided by q + -3 + 5 - 3.
14
Let c = -54 - -91. Suppose -k + 33 = -4*r, -2*k = -4*r + 5*r - 39. Let w = 34 - k. Calculate the remainder when c is divided by w.
11
Suppose 4*h - 8 = -0*h. Suppose -5*p = h*c - 9 - 6, -2*p + 6 = c. Calculate the remainder when 4 is divided by p.
1
Suppose 5*x - 239 = 7*g - 11*g, 2*g + 45 = x. What is the remainder when x is divided by 10?
7
Suppose a + 3*t = 15, 2*a + 0*t - t - 9 = 0. Suppose a = 2*l + c, 14 = 4*l + 4*c - 3*c. Calculate the remainder when 15 is divided by l.
3
Suppose -33 = -2*p + 37. Calculate the remainder when p is divided by (1 + -25)*3/(-6).
11
Let t(s) = 4*s**3 - 4*s**2 - 2*s + 1. Let u(a) = 3*a**3 - 5*a**2 - 2*a + 2. Let v(m) = 4*t(m) - 5*u(m). Calculate the remainder when v(-8) is divided by 11.
9
Let u = -2 + -1. Let j = 1 + u. Let t = j + 7. Calculate the remainder when 14 is divided by t.
4
Calculate the remainder when 127 is divided by (2 - -3)*(-2 - 212/(-20)).
41
Let d = 16 - 16. Suppose d = -3*z - 2*z + 30. Calculate the remainder when 15 is divided by z.
3
Suppose -u - z - 18 = -2*u, -3*u - z + 46 = 0. Let m = -26 + 32. Calculate the remainder when u is divided by m.
4
What is the remainder when 17*(-2 + 9/3) is divided by 9?
8
Suppose 0 = -5*g - 2 + 107. Calculate the remainder when 56 is divided by g.
14
Let y be -1 + (-12)/(1*-3). Suppose -5*i = 4*s - 10*i - 65, -3*i + 15 = y*s. Let h = 73 + -44. What is the remainder when h is divided by s?
9
Let k(b) = -6*b. Let g be k(3). Let v = -2 - 0. What is the remainder when g/(6/(-3)) - v is divided by 6?
5
Let r(w) = w**2 - w + 2. Let u be r(2). Suppose -21 = i - u*i. Calculate the remainder when 11 is divided by i.
4
Suppose -5*m + 2 = 5*b - 28, -3*b - 38 = -4*m. Calculate the remainder when m is divided by 3.
2
Suppose -5*k - z = 11 - 29, 8 = 4*k + 4*z. Let o(g) = g**3 - 4*g**2 + 2*g. Calculate the remainder when 14 is divided by o(k).
6
Calculate the remainder when 18 - 5/(5/(-2)) is divided by 7.
6
Let p be -4 - -2 - (-4)/2. Suppose b - 4*b + 39 = p. Calculate the remainder when b is divided by 7.
6
Suppose -3*v + 2*v = -14. Suppose -4*t + 0*t + 104 = 4*z, -5*z + 3*t + 130 = 0. What is the remainder when z is divided by v?
12
Let h(k) = -k**3 - 12*k**2 + 5. Let j be h(-12). Suppose j*t + 5*l = l + 29, 4*l - 9 = -t. Calculate the remainder when 7 is divided by t.
2
Let i = 10 + -6. Calculate the remainder when i/(-18) + 505/45 is divided by 6.
5
Suppose -6 = 2*m - 30. Calculate the remainder when 34 is divided by m.
10
Suppose 41*f + 74 = 42*f. What is the remainder when f is divided by 15?
14
Let m = 4 + -1. Suppose -m*k = -5*k + 22. Calculate the remainder when k is divided by 5/1*(-8)/(-10).
3
Let w = -17 - -25. Let o(x) = 2*x - 1. What is the remainder when w is divided by o(2)?
2
Suppose h - 3 = -1, -5*h = 4*u - 222. What is the remainder when u is divided by 11?
9
Let j(q) = -q**2 + 15*q - 5. Calculate the remainder when 340 is divided by j(6).
46
Suppose -2*r - 13 + 35 = 0. Let o = 65 - r. What is the remainder when o is divided by 14?
12
Let w(n) = -n + 9. Let h be w(9). Suppose h*t = -3*t + 75. Suppose -t = 2*i + 5*m - 8, -3*m = 15. Calculate the remainder when 7 is divided by i.
3
What is the remainder when 6/(-27) + 65/9 is divided by 4?
3
Let w(q) = 2*q**3 + 47*q**2 + 24*q + 29. Suppose 3*j + 15 = 3*f, 2*f + 0*j - 13 = 5*j. Calculate the remainder when w(-23) is divided by f.
2
Suppose -124 = 8*y - 12*y. What is the remainder when y is divided by 17?
14
Let t be (-1)/(-2) - (-9)/6. Let s(c) = 1 + t + 7 - c + 3. What is the remainder when s(6) is divided by 3?
1
Let l(q) = 5 - 3*q + 4*q + 0. What is the remainder when l(-3) is divided by (2/(-6))/((-3)/18)?
0
Suppose -2*c + 3*c = 3. Suppose -w - 46 = -c*w. Calculate the remainder when w is divided by 8.
7
Let v(q) = -q**2 + 6*q + 1. Let h be v(7). What is the remainder when h/9 + 224/3 is divided by 25?
24
What is the remainder when (-2)/(-3 + 1 + (-44)/(-23)) is divided by 5?
3
Let k = 389 - 230. Calculate the remainder when k is divided by 41.
36
Suppose 0 = 2*v + 3*x, 0*v = 4*v - 4*x - 40. Calculate the remainder when v is divided by 3.
0
Suppose 4*j + 41 = 5*i, 0 = -5*i + 3*j - 20 + 62. Calculate the remainder when 43 is divided by i.
7
Suppose -5*x + 150 = -u - 39, 5*u + 94 = 2*x. Calculate the remainder when 145 is divided by x.
34
Let v = -1 - -1. Suppose v*c + c = 15. What is the remainder when 2 + (-10)/5 + 44 is divided by c?
14
Let g = -30 + 45. Let w = 26 - g. Let x = w - 0. Calculate the remainder when 32 is divided by x.
10
Suppose 14 = 5*a - 51. Let d = -4 + 8. Calculate the remainder when 1 - 0 - (d + -41) is divided by a.
12
Let l = -19 - -20. Suppose 4*x - 11 = 5*c, -2*x - l + 10 = c. Calculate the remainder when c is divided by 1.
0
Let w = 311 + -221. Calculate the remainder when w is divided by 25.
15
Suppose -j = -2*j - 2. Let f = 0 - j. Suppose f*r - 47 - 3 = 0. Calculate the remainder when r is divided by 9.
7
Suppose 0 = 4*x + t - 92, 4*x - 2*t - 80 = -0*t. Let c(z) = -z + 12. Calculate the remainder when (x/8)/((-5)/(-40)) is divided by c(0).
10
Let z = 4 - 4. Suppose 5*a - 49 - 41 = z. What is the remainder when a is divided by 10?
8
Suppose -2*c + 22 = 16. Let s(z) = -z**2 - 6*z - 3. Let g be s(-5). S